{"id":1216,"date":"2019-03-11T21:57:10","date_gmt":"2019-03-12T02:57:10","guid":{"rendered":"http:\/\/warissoft.com\/blog\/?page_id=1216"},"modified":"2024-05-18T12:18:13","modified_gmt":"2024-05-18T17:18:13","slug":"presupuestos","status":"publish","type":"page","link":"https:\/\/warissoft.com\/blog\/waris2000-control-de-obras\/gerencia-de-obras\/presupuestos\/","title":{"rendered":"PRESUPUESTOS"},"content":{"rendered":"\n<p>El <strong>presupuesto de obra<\/strong>, es un documento que contiene el c\u00e1lculo detallado y anticipado del precio de construcci\u00f3n de una obra.<\/p>\n\n\n\n<p>El total del presupuesto representa todos los costos y gastos que tendr\u00e1 que asumir el propietario del proyecto para llevarlo a cabo.<\/p>\n\n\n\n<p>El presupuesto se elabora en base a los <strong>\u00abmetrados\u00bb y a los an\u00e1lisis de precios unitarios<\/strong> de cada una de las partidas que componen el proyecto. Los precios unitarios de las partidas se fundamentan en la certeza del c\u00e1lculo de los costos directos de materiales, equipos y mano de obra necesarios para la construcci\u00f3n de cada partida.<\/p>\n\n\n\n<p>La preparaci\u00f3n de un presupuesto de precio firme, requiere en <strong>primer lugar<\/strong>, conocer los planos, especificaciones y \u00abmetrados\u00bb de la ingenier\u00eda de detalle concluida.<\/p>\n\n\n\n<p>En <strong>segundo lugar<\/strong>, requiere conocer la ubicaci\u00f3n de la obra, el clima, la calidad del terreno, los accesos, los servicios p\u00fablicos, la disponibilidad de materiales, la disponibilidad de mano de obra calificada, y en general toda aquella informaci\u00f3n que permita aproximarse a la realidad del entorno de la obra por construirse.<\/p>\n\n\n\n<p><strong>Y lo m\u00e1s importante<\/strong>, la preparaci\u00f3n de un presupuesto de precio firme requiere conocer profundamente la totalidad de trabajo necesario para construir el proyecto, para de esta forma poder anticipar las dificultades de la construcci\u00f3n y as\u00ed poder valorarlas.<\/p>\n\n\n\n<h4 class=\"wp-block-heading\">\u00bfPOR QU\u00c9 UTILIZAR NUESTRO EDITOR?<\/h4>\n\n\n\n<p>Las principales razones para utilizarlo:<\/p>\n\n\n\n<ul class=\"wp-block-list\">\n<li>Facilidad y rapidez en la generaci\u00f3n de nuevos presupuestos por: descomposici\u00f3n, duplicaci\u00f3n y agregaci\u00f3n de An\u00e1lisis unitarios.<\/li>\n\n\n\n<li>Incluye potentes herramientas para ejecutar simulaciones variando precios, rendimientos y duraciones de la jornada.<\/li>\n\n\n\n<li>Est\u00e1 totalmente integrado con las herramienta de <a href=\"http:\/\/warissoft.com\/blog\/waris2000-control-de-obras\/gerencia-de-obras\/programacion-de-obra\/\" data-type=\"page\" data-id=\"1220\">Programaci\u00f3n<\/a>,  <a href=\"http:\/\/warissoft.com\/blog\/waris2000-control-de-obras\/gerencia-de-obras\/control-de-la-produccion\/\" data-type=\"page\" data-id=\"1224\">Control de la producci\u00f3n<\/a> y <a href=\"http:\/\/warissoft.com\/blog\/waris2000-control-de-obras\/gerencia-de-obras\/resultados-operativos\/\" data-type=\"page\" data-id=\"1226\">Resultados operativos<\/a>. <\/li>\n\n\n\n<li>Es una <strong>herramienta din\u00e1mica<\/strong> pues se utiliza durante toda la ejecuci\u00f3n de la obra, permite la adici\u00f3n de nuevas partidas (adicionales) que no se hayan considerado al inicialmente para estas sean programadas, controladas y participen de los resultados operativos.<\/li>\n\n\n\n<li>Vincula los \u00abmetrados\u00bb de las partidas del presupuesto con celdas de una hoja MsExcel. <\/li>\n<\/ul>\n\n\n\n<h3 class=\"wp-block-heading\">EL EDITOR DE PRESUPUESTOS<\/h3>\n\n\n\n<p>\n\n Su dise\u00f1o amigable contribuye con su r\u00e1pido aprendizaje. Su flexibilidad en el modelamiento de cualquier actividad a ejecutar, as\u00ed como, el completo control de los elementos que intervienen en el c\u00e1lculo del costo, permite que se utilice como un potente&nbsp; simulador. Su integraci\u00f3n con el Subsistema de Programaci\u00f3n de la producci\u00f3n es total. Incluye una potente funci\u00f3n que permite gestionar la impresi\u00f3n y la exportaci\u00f3n de los reportes en todos los formatos:&nbsp; MsExcel, PDF, RTF \u2013 WORD, MHTLM, HTLM, PNG, y mucho m\u00e1s.  \n\n<\/p>\n\n\n\n<figure class=\"wp-block-image size-full\"><img loading=\"lazy\" decoding=\"async\" width=\"1358\" height=\"840\" src=\"http:\/\/warissoft.com\/blog\/wp-content\/uploads\/2022\/04\/editor_de_presupuestos.png\" alt=\"\" class=\"wp-image-1789\" srcset=\"https:\/\/warissoft.com\/blog\/wp-content\/uploads\/2022\/04\/editor_de_presupuestos.png 1358w, https:\/\/warissoft.com\/blog\/wp-content\/uploads\/2022\/04\/editor_de_presupuestos-300x186.png 300w, https:\/\/warissoft.com\/blog\/wp-content\/uploads\/2022\/04\/editor_de_presupuestos-1024x633.png 1024w, https:\/\/warissoft.com\/blog\/wp-content\/uploads\/2022\/04\/editor_de_presupuestos-768x475.png 768w\" sizes=\"auto, (max-width: 1358px) 100vw, 1358px\" \/><figcaption class=\"wp-element-caption\">EDITOR DE PRESUPUESTOS<\/figcaption><\/figure>\n\n\n\n<h3 class=\"wp-block-heading\">EL EDITOR DE AN\u00c1LISIS UNITARIOS<\/h3>\n\n\n\n<p>La plataforma incluye un potente editor de an\u00e1lisis unitarios con el cual se modelan  las actividades a realizar en un proyecto.  Gestiona eficientemente  la cuadrilla y el rendimiento.    <\/p>\n\n\n\n<figure class=\"wp-block-image size-full\"><img loading=\"lazy\" decoding=\"async\" width=\"936\" height=\"490\" src=\"http:\/\/warissoft.com\/blog\/wp-content\/uploads\/2022\/04\/editor_de_apus_1.png\" alt=\"\" class=\"wp-image-2285\" srcset=\"https:\/\/warissoft.com\/blog\/wp-content\/uploads\/2022\/04\/editor_de_apus_1.png 936w, https:\/\/warissoft.com\/blog\/wp-content\/uploads\/2022\/04\/editor_de_apus_1-300x157.png 300w, https:\/\/warissoft.com\/blog\/wp-content\/uploads\/2022\/04\/editor_de_apus_1-768x402.png 768w\" sizes=\"auto, (max-width: 936px) 100vw, 936px\" \/><figcaption class=\"wp-element-caption\">EDITOR DE AN\u00c1LISIS UNITARIOS<\/figcaption><\/figure>\n\n\n\n<h3 class=\"wp-block-heading\">CAT\u00c1LOGO DE FAMILIAS Y RECURSOS<\/h3>\n\n\n\n<p>Incluye una lista de familias y de conceptos que permiten codificar y clasificar correctamente a los recursos. Se utiliza para elaborar los c\u00f3digos de las cuentas con el objetivo de integrarse con la contabilidad de la empresa.<\/p>\n\n\n\n<div class=\"wp-block-columns is-layout-flex wp-container-core-columns-is-layout-9d6595d7 wp-block-columns-is-layout-flex\">\n<div class=\"wp-block-column is-layout-flow wp-block-column-is-layout-flow\" style=\"flex-basis:66.66%\">\n<figure class=\"wp-block-image size-full\"><img loading=\"lazy\" decoding=\"async\" width=\"760\" height=\"494\" src=\"http:\/\/warissoft.com\/blog\/wp-content\/uploads\/2022\/04\/lista_de_familias.png\" alt=\"\" class=\"wp-image-1793\" srcset=\"https:\/\/warissoft.com\/blog\/wp-content\/uploads\/2022\/04\/lista_de_familias.png 760w, https:\/\/warissoft.com\/blog\/wp-content\/uploads\/2022\/04\/lista_de_familias-300x195.png 300w\" sizes=\"auto, (max-width: 760px) 100vw, 760px\" \/><figcaption class=\"wp-element-caption\">LISTA DE FAMILIAS<\/figcaption><\/figure>\n<\/div>\n\n\n\n<div class=\"wp-block-column is-layout-flow wp-block-column-is-layout-flow\" style=\"flex-basis:33.33%\">\n<p><\/p>\n<\/div>\n<\/div>\n\n\n\n<p>Adem\u00e1s, Incluye un cat\u00e1logo con gran cantidad de recursos, al cual se le pueden a\u00f1adir los que se necesiten para los nuevos proyectos.<\/p>\n\n\n\n<div class=\"wp-block-columns is-layout-flex wp-container-core-columns-is-layout-9d6595d7 wp-block-columns-is-layout-flex\">\n<div class=\"wp-block-column is-layout-flow wp-block-column-is-layout-flow\" style=\"flex-basis:66.66%\">\n<figure class=\"wp-block-image size-full\"><img loading=\"lazy\" decoding=\"async\" width=\"865\" height=\"525\" src=\"http:\/\/warissoft.com\/blog\/wp-content\/uploads\/2022\/04\/catalogo_de_recursos.png\" alt=\"\" class=\"wp-image-1794\" srcset=\"https:\/\/warissoft.com\/blog\/wp-content\/uploads\/2022\/04\/catalogo_de_recursos.png 865w, https:\/\/warissoft.com\/blog\/wp-content\/uploads\/2022\/04\/catalogo_de_recursos-300x182.png 300w, https:\/\/warissoft.com\/blog\/wp-content\/uploads\/2022\/04\/catalogo_de_recursos-768x466.png 768w\" sizes=\"auto, (max-width: 865px) 100vw, 865px\" \/><figcaption class=\"wp-element-caption\">CAT\u00c1LOGO DE LOS RECURSOS<\/figcaption><\/figure>\n<\/div>\n\n\n\n<div class=\"wp-block-column is-layout-flow wp-block-column-is-layout-flow\" style=\"flex-basis:33.33%\"><\/div>\n<\/div>\n\n\n\n<h3 class=\"wp-block-heading\">TARJETAS DE PRECIOS &#8211; SIMULACI\u00d3N DE COSTOS<\/h3>\n\n\n\n<p>Los precios de los  recursos de un presupuesto se gestionan utilizando Tarjetas en las cuales,  algunos de ellos , seg\u00fan criterios diferentes, se modifican  permitiendo un an\u00e1lisis de sensibilidad del presupuesto a estos cambios.  <\/p>\n\n\n<div class=\"wp-block-image\">\n<figure class=\"aligncenter size-full\"><img loading=\"lazy\" decoding=\"async\" width=\"834\" height=\"519\" src=\"http:\/\/warissoft.com\/blog\/wp-content\/uploads\/2022\/04\/tarjeta_de_precios_1.png\" alt=\"\" class=\"wp-image-1795\" srcset=\"https:\/\/warissoft.com\/blog\/wp-content\/uploads\/2022\/04\/tarjeta_de_precios_1.png 834w, https:\/\/warissoft.com\/blog\/wp-content\/uploads\/2022\/04\/tarjeta_de_precios_1-300x187.png 300w, https:\/\/warissoft.com\/blog\/wp-content\/uploads\/2022\/04\/tarjeta_de_precios_1-768x478.png 768w\" sizes=\"auto, (max-width: 834px) 100vw, 834px\" \/><figcaption class=\"wp-element-caption\">TARJETA DE PRECIOS DEL PRESUPUESTO<\/figcaption><\/figure>\n<\/div>\n\n\n<h3 class=\"wp-block-heading\">REPORTES DEL PRESUPUESTO<\/h3>\n\n\n\n<p>Se dispone de un completo conjunto de reportes que apoyan las tareas de las otras \u00e1reas de la empresa. Los reportes son:<\/p>\n\n\n\n<ul class=\"wp-block-list\">\n<li>Presupestos est\u00e1ndar: vertical y horizontal<\/li>\n\n\n\n<li>Relaci\u00f3n de recursos ordenados por su ID y su nombre.<\/li>\n\n\n\n<li>Relaci\u00f3n de recursos (Pareto)<\/li>\n\n\n\n<li>Relaci\u00f3n de An\u00e1lisis de los precios unitarios de  las partidas del presupuesto<\/li>\n\n\n\n<li>Relaci\u00f3n de las partidas con comentarios. <\/li>\n<\/ul>\n\n\n\n<p>A continuaci\u00f3n algunos de los reportes.<\/p>\n\n\n\n<h4 class=\"wp-block-heading\">PRESUPUESTOS<\/h4>\n\n\n\n<p>Se disponen de diferentes formatos de presentaci\u00f3ndel presupuesto: Presupuesto est\u00e1ndar, ampliado y las partidas con un res\u00famen de sus especificaciones.    <\/p>\n\n\n\n<figure class=\"wp-block-image size-full\"><img loading=\"lazy\" decoding=\"async\" width=\"852\" height=\"539\" src=\"http:\/\/warissoft.com\/blog\/wp-content\/uploads\/2022\/04\/presupuesto_reporte_presupuesto.png\" alt=\"\" class=\"wp-image-1959\" srcset=\"https:\/\/warissoft.com\/blog\/wp-content\/uploads\/2022\/04\/presupuesto_reporte_presupuesto.png 852w, https:\/\/warissoft.com\/blog\/wp-content\/uploads\/2022\/04\/presupuesto_reporte_presupuesto-300x190.png 300w, https:\/\/warissoft.com\/blog\/wp-content\/uploads\/2022\/04\/presupuesto_reporte_presupuesto-768x486.png 768w\" sizes=\"auto, (max-width: 852px) 100vw, 852px\" \/><figcaption class=\"wp-element-caption\">PRESUPUESTO EST\u00c1NDARD<\/figcaption><\/figure>\n\n\n\n<h4 class=\"wp-block-heading\">RELACI\u00d3N DE RECURSOS<\/h4>\n\n\n\n<p>Se proporcionan diferentes reportes de los recursos utilizados que facilitan su an\u00e1lisis; por ejemplo, el listado de los recursos agrupados por familias que facilita a la contabilidad el control de los costos directos.<\/p>\n\n\n\n<figure class=\"wp-block-image size-full\"><img loading=\"lazy\" decoding=\"async\" width=\"851\" height=\"507\" src=\"http:\/\/warissoft.com\/blog\/wp-content\/uploads\/2022\/04\/presupuesto_reporte_recursos.png\" alt=\"\" class=\"wp-image-1962\" srcset=\"https:\/\/warissoft.com\/blog\/wp-content\/uploads\/2022\/04\/presupuesto_reporte_recursos.png 851w, https:\/\/warissoft.com\/blog\/wp-content\/uploads\/2022\/04\/presupuesto_reporte_recursos-300x179.png 300w, https:\/\/warissoft.com\/blog\/wp-content\/uploads\/2022\/04\/presupuesto_reporte_recursos-768x458.png 768w\" sizes=\"auto, (max-width: 851px) 100vw, 851px\" \/><figcaption class=\"wp-element-caption\">RELACI\u00d3N DE LOS RECURSOS PRESUPUESTADOS AGRUPADOS POR FAMILIAS<\/figcaption><\/figure>\n\n\n\n<h4 class=\"wp-block-heading\">RELACI\u00d3N DE AN\u00c1LISIS DE LOS PRECIOS UNITARIOS<\/h4>\n\n\n\n<figure class=\"wp-block-image size-full\"><img loading=\"lazy\" decoding=\"async\" width=\"853\" height=\"630\" src=\"http:\/\/warissoft.com\/blog\/wp-content\/uploads\/2022\/04\/presupuesto_reporte_relacion_apus.png\" alt=\"\" class=\"wp-image-1967\" srcset=\"https:\/\/warissoft.com\/blog\/wp-content\/uploads\/2022\/04\/presupuesto_reporte_relacion_apus.png 853w, https:\/\/warissoft.com\/blog\/wp-content\/uploads\/2022\/04\/presupuesto_reporte_relacion_apus-300x222.png 300w, https:\/\/warissoft.com\/blog\/wp-content\/uploads\/2022\/04\/presupuesto_reporte_relacion_apus-768x567.png 768w\" sizes=\"auto, (max-width: 853px) 100vw, 853px\" \/><figcaption class=\"wp-element-caption\">RELACI\u00d3N DE AN\u00c1LISIS UNITARIOS DE LAS PARTIDAS DEL PRESUPUESTO<\/figcaption><\/figure>\n\n\n\n<h3 class=\"wp-block-heading\"> OTRAS FUNCIONES<\/h3>\n\n\n\n<p>Adem\u00e1s de las herramientas del Editor de Presupuestos, previamente descritas,  se incluyen otras, tales como:<\/p>\n\n\n\n<ul class=\"wp-block-list\">\n<li>Composici\u00f3n y descomposici\u00f3n de los presupuestos.<\/li>\n\n\n\n<li>Generaci\u00f3n de un presupuesto utilizando listas de partidas. <\/li>\n\n\n\n<li>Duraci\u00f3n variable de las jornadas de trabajo.<\/li>\n\n\n\n<li>Control de la f\u00f3rmula del c\u00e1lculo de la incidencias horarias de la mano de obra y los equipos por cada recurso de cada partida de cada presupuesto.<\/li>\n\n\n\n<li> Costo unitario de las partidas en funci\u00f3n de su APU y tambi\u00e9n estimados (ingresados directamente por el usuario).<\/li>\n\n\n\n<li>Registro de especificaciones -notas- en cada una de las partidas y su respectiva impresi\u00f3n.  <\/li>\n\n\n\n<li>Se utiliza como una potente herramienta de simulaci\u00f3n, variando precios, rendimientos y metrados. <\/li>\n<\/ul>\n\n\n\n<div class=\"wp-block-columns is-layout-flex wp-container-core-columns-is-layout-9d6595d7 wp-block-columns-is-layout-flex\">\n<div class=\"wp-block-column is-layout-flow wp-block-column-is-layout-flow\"><\/div>\n\n\n\n<div class=\"wp-block-column is-layout-flow wp-block-column-is-layout-flow\"><\/div>\n<\/div>\n","protected":false},"excerpt":{"rendered":"<p>El presupuesto de obra, es un documento que contiene el c\u00e1lculo detallado y anticipado del precio de construcci\u00f3n de una[&#8230;]<\/p>\n","protected":false},"author":2,"featured_media":0,"parent":428,"menu_order":2,"comment_status":"closed","ping_status":"closed","template":"","meta":{"footnotes":""},"class_list":["post-1216","page","type-page","status-publish","hentry"],"_links":{"self":[{"href":"https:\/\/warissoft.com\/blog\/wp-json\/wp\/v2\/pages\/1216","targetHints":{"allow":["GET"]}}],"collection":[{"href":"https:\/\/warissoft.com\/blog\/wp-json\/wp\/v2\/pages"}],"about":[{"href":"https:\/\/warissoft.com\/blog\/wp-json\/wp\/v2\/types\/page"}],"author":[{"embeddable":true,"href":"https:\/\/warissoft.com\/blog\/wp-json\/wp\/v2\/users\/2"}],"replies":[{"embeddable":true,"href":"https:\/\/warissoft.com\/blog\/wp-json\/wp\/v2\/comments?post=1216"}],"version-history":[{"count":92,"href":"https:\/\/warissoft.com\/blog\/wp-json\/wp\/v2\/pages\/1216\/revisions"}],"predecessor-version":[{"id":2369,"href":"https:\/\/warissoft.com\/blog\/wp-json\/wp\/v2\/pages\/1216\/revisions\/2369"}],"up":[{"embeddable":true,"href":"https:\/\/warissoft.com\/blog\/wp-json\/wp\/v2\/pages\/428"}],"wp:attachment":[{"href":"https:\/\/warissoft.com\/blog\/wp-json\/wp\/v2\/media?parent=1216"}],"curies":[{"name":"wp","href":"https:\/\/api.w.org\/{rel}","templated":true}]}}